rd derivative of -i**8/20160 - i**7/5040 + i**6/180 + i**5/60 + 5*i**2. Let z(f) be the third derivative of b(f). What is z(3)?
-8
Let a(f) = -f**2 + 4*f + 4. Let x(d) = d**3 + 6*d**2 - d - 2. Let l be x(-6). Suppose -12 = 2*w - w - l*g, -40 = -5*w - 5*g. Determine a(w).
4
Let b(h) = -h**3 - h**2 + 3*h - 3. Let n(r) = r**2 - 7. Let k be n(3). Suppose 0 = -v + 6*v + 10. Let i be (-1 - k - -2) + v. Determine b(i).
6
Let f(z) be the second derivative of z**3/6 - z**2/2 - 11*z. Calculate f(5).
4
Let y = -5 - -14. Suppose -3*r + 7 = 4*n, -3*n = -2*r + 7 + y. Let l(t) be the third derivative of t**4/12 - t**3/3 + t**2. Calculate l(n).
-6
Let l(z) = -2*z - 5. Let b = -44 + 89. Suppose -4*d - 3*c = 15, d + 4*d - 5*c = -b. What is l(d)?
7
Let y(l) = -l**2 + l + 1. Let b(k) = k**3 - 5*k**2 + 6*k + 4. Let s(f) = b(f) - 4*y(f). What is s(2)?
8
Let c(g) = 2*g + 2. Let q be (-52)/(-8) + (-6)/4. Let n = 2 - q. Give c(n).
-4
Let w(a) = a**2 - a - 2. Let r = 121 - 123. Give w(r).
4
Let i(q) = -q**3 + q**2 + q - 2. Let a(p) = p**3 - 5*p**2 - p + 1. Let z be a(5). Let s = z - -6. Determine i(s).
-4
Let f(z) = -z - 508*z**3 + 510*z**3 + 0*z**2 + 2 + z**2 + 0. Let p(y) = -y + 5. Let b be p(7). What is f(b)?
-8
Let y be -1 + 0/(-2) - 3. Let h(a) be the third derivative of -a**6/120 - a**5/20 + 5*a**4/24 + 5*a**3/6 + 3*a**2. Calculate h(y).
1
Let f(r) = -r**2 + 7*r - 3. Let t be f(6). Let k(y) = 4*y - 3. Give k(t).
9
Suppose 5*p + 21 = 2*r, 4*r + 0*p - 2*p = 2. Let s(z) = -2*z**3 + z**3 + 0*z**2 - 2*z**2 + 1 + 2*z. Determine s(r).
-3
Let t(c) = c**2 - 3. Suppose 14 = -3*k + 2. Let o = k - -6. Suppose o*n + 12 = -4*u, 2*u = 2*n - n - 6. Determine t(u).
6
Let m(u) = -u**3 + 2*u - 1 - 1 - 3*u**2 - 1. Suppose 3*v - 2*v - 5 = h, 2*h - 4 = -5*v. Give m(h).
-9
Let s(d) be the first derivative of -d**7/420 - d**6/360 + d**5/120 - d**4/12 - d**3/3 - 1. Let z(y) be the third derivative of s(y). What is z(-2)?
8
Let f = 2 - -3. Let w(y) = -11*y + 14. Let u(z) = -7*z + 9. Let x(a) = -8*u(a) + 5*w(a). Determine x(f).
3
Let g = 0 - 0. Suppose g = -5*z - 13 - 2. Let q be z*((-12)/9)/(-1). Let r(u) = -u**3 - 5*u**2 - 5*u + 3. Give r(q).
7
Let n(w) = w**3 - 3*w**2 + w + 1. Suppose 0 = 3*x - 0 + 9. Let t be (-4)/6*x - -2. Suppose 0*k = -t*k + 8. Give n(k).
-1
Let c(d) = 3*d**3 - d**2 - d. Let b = -33 + 32. Calculate c(b).
-3
Let v = -3 - -5. Suppose -20 = -v*g - 2*g. Suppose -g*j + 0*j = -20. Let z(b) = b**2 - 4*b + 6. Give z(j).
6
Let h = -69 - -61. Let a(n) = -n + 2. Give a(h).
10
Let u = -109 + 115. Let a(h) = h - 8. What is a(u)?
-2
Let c(q) = -10*q**2 + q - 1. Suppose 0*i + 4*i = 4. What is c(i)?
-10
Let l(x) = 3*x - 5. Let g(d) = d**2 + d + 2. Suppose 0*r + 3 = 5*a + r, 5*a + 5*r + 5 = 0. Let o be ((-3)/9)/(a/6). Let y be g(o). Give l(y).
7
Suppose 0 = r + 3*n + 4 - 3, -5*r + 3*n = -13. Let p = -3 - r. Let y(s) = -s**3 - 5*s**2 - 2*s - 2. What is y(p)?
8
Let v(w) = -w**2 + 5*w + 5. Let j = -81 + 33. Let y be j/(-10) + 2/10. Calculate v(y).
5
Let b be (2 - 3)*-2*2. Let v(k) = -4 - 1 - k**2 + 5*k - k - k**3 + 4*k**2. Calculate v(b).
-5
Let n(v) = -v - 9. Let j(t) = -t - 9. Let s(r) = 5*j(r) - 6*n(r). Give s(-5).
4
Let b(g) = -4*g. Suppose -5*s = 2*d - 1 - 3, -4*d - 12 = 0. Suppose 0 = 2*l + 3*f + 2*f - 31, -3*f = -s*l + 7. Suppose 0 = -l*x + 3*x - 5. Calculate b(x).
4
Let m = -4 + 1. Let b(u) = -4*u + u + 4*u + 0*u + 4. Determine b(m).
1
Let m(x) be the second derivative of -x**3/6 - x**2/2 - 8*x. Let n(j) = -j**2 + j + 3. Let v be (-4)/(-2) + (1 - 3). Let f be n(v). Determine m(f).
-4
Let f(r) = r**2 - 6*r - 5. Let j(m) = 2*m**2 - 12*m - 10. Let s(w) = 9*f(w) - 4*j(w). Give s(6).
-5
Let l(d) = 2*d - 4*d - d - 3. Suppose -5*u = 3*c + 16, 3*c + u + 4 = 2*u. Give l(c).
3
Let n(p) = 9*p - 6. Let y be n(4). Suppose 5*f = -0*f - y. Let w(z) = -z - 5. Determine w(f).
1
Let w be ((-1)/(-3))/((-2)/(-90)). Suppose -3*g = w, 2*g + 12 = -y - 2*g. Suppose 2*s - 2 = y. Let q(j) = j**3 - 5*j**2 + j - 3. Determine q(s).
2
Let z(m) = 12*m + 8. Let d(y) = y + 1. Let u(l) = 8*d(l) - z(l). Determine u(-1).
4
Let k(y) = -5*y + 5. Let v be k(2). Let s(f) = 4*f + 1. Calculate s(v).
-19
Let k(l) be the first derivative of -l**3/3 + 2*l**2 + l - 25. Give k(3).
4
Let r(m) = m**2 + 6*m + 2. Let g = -68 - -60. Determine r(g).
18
Let b(v) = -v**2 + 5*v + 2. Let a = 8 + -3. Let s(p) = -p**3 + 4*p**2 + 7*p - 5. Let g be s(a). Calculate b(g).
2
Let k be (-36)/30*(-2 + 7). Let b(w) = w + 13. Determine b(k).
7
Let d(g) = g + 6 - 2 - 1. Give d(6).
9
Let w = -17 + 26. Let b(k) = 2*k - 9 + w + 3*k. Calculate b(1).
5
Let n = 2 + 6. Let u be n/20 + (-88)/(-5). Let g = u + -13. Let b(o) = -o**2 + 5*o - 6. What is b(g)?
-6
Let z(b) be the third derivative of -b**4/12 + b**3/2 - 3*b**2. Determine z(5).
-7
Let p(j) = j**3 + 5*j**2 - j - 6. Suppose -v - 5*s + 13 = 0, -2*s + 43 = 5*v + s. Suppose u - v + 3 = 0. Suppose -3*o + 10 = -u*o. Calculate p(o).
-1
Suppose -2*g - 6 = -4*r + 2, -3*g = -r - 3. Let f(c) = -5*c**2 - 2*c + 3. Let j(d) = 14*d**2 + 6*d - 9. Let s(m) = -17*f(m) - 6*j(m). Calculate s(g).
3
Let y(g) = -2*g + 10*g**3 + 3*g**2 - 30*g**3 + 2 + 19*g**3. Give y(3).
-4
Let j(c) = c**3 - 5*c**2 - 5*c - 5. Suppose -17 + 59 = 7*u. Give j(u).
1
Let i(h) be the second derivative of -7/2*h**2 + 1/20*h**5 + 5*h + 1/3*h**4 + 0 - 5/6*h**3. Calculate i(-5).
-7
Let p = -120 + 119. Let m(j) = -j**2 + 4. Let t(z) = z - z - z + 0. Let i(q) = p*m(q) + 3*t(q). Determine i(5).
6
Let r(s) = 3*s - 2. Suppose 8*q = -3*h + 5*q - 21, 4*h - 4*q = 12. Give r(h).
-8
Suppose 0 = -4*l + 11 + 1. Let n(a) = -10 + 6*a + l*a**2 - 2*a + 12. Calculate n(-2).
6
Let f = 34 + -37. Let g(m) = -m**2 - 4*m - 1. Determine g(f).
2
Suppose k = 5*p + 21, 4*p - 6*p = -2*k + 18. Let f(g) = -g + 13. Let d(l) = -l + 13. Let x(c) = 5*d(c) - 6*f(c). Give x(k).
-7
Let y(t) = 3*t**3 - 4*t**2 + 3*t + 2. Let f(q) = -1. Let p(m) = 4*f(m) + y(m). What is p(2)?
12
Let x(i) = -i**3 + 4*i**2 - 2*i + 1. Let p(j) = -j - 26. Let l be p(-29). Give x(l).
4
Let j = -12 - -15. Let k(z) = 2 + 1 + 2*z**2 - 4 + z**j - z**2. Determine k(-2).
-5
Let k = 2 + -8. Let q(m) = -7*m - m**2 - m**2 + m**3 - 2 + 7*m**2. What is q(k)?
4
Let p(m) = m**2 - 6*m + 3. Let a(d) be the first derivative of d**3/3 - 2*d**2 - 8*d - 4. Let s be a(6). What is p(s)?
-5
Let g(n) = -n. Let k(d) = -2*d. Let i(b) = 3*g(b) - 2*k(b). Let w(m) = -m**3 + 10*m**2 - 8*m - 10. Let t be w(9). Let u be 1 + t*5*1. What is i(u)?
-4
Let l(f) = -5*f**3 - f**2 + f + 1. Let p be l(-1). Let x(d) = 3 - 3*d**2 - p + 0. Let u be 0 - -2 - (1 - 0). Determine x(u).
-4
Let s(k) = k. Let y(t) = t**3 + 8*t**2 + 3*t + 11. Let j(o) = -2*s(o) + y(o). What is j(-8)?
3
Suppose 4*m - 3*l - 142 = -0*l, 5*l - 24 = -m. Let c be 2/8 - m/8. Let r(u) be the first derivative of u**3/3 + 3*u**2/2 + 2*u - 3. Calculate r(c).
6
Let h(n) = -n + 2. Let k be h(9). Let c = k + 6. Let y(d) = 7*d**3 - d**2 - d - 1. Determine y(c).
-8
Let p = -5 + 8. Suppose 5*a - 4*t + 16 = 0, p = -3*a + 2*t - 5. Let i(d) = a*d**2 + 4*d - 1 + 5*d**2 + d**2 - 6*d. Calculate i(-1).
7
Let b(h) = -h**3 - 19*h**2 - 19*h - 19. Let o be b(-18). Let f(g) = 17*g**2 + g. Give f(o).
16
Let m(a) = a**2 - a + 1. Let n be (-52)/6 + 10/(-30). Let f be (-2)/4*18/n. Give m(f).
1
Let a be ((-20)/60 - (1 + -1))*15. Let z(r) = -r - 6. What is z(a)?
-1
Let a be (-3 - 5)/(1*-2). Let l = a + -10. Let y = l - -4. Let f(t) = -3*t - 3. What is f(y)?
3
Let d(c) = -c**2 - 6*c - 4. Let o(v) be the first derivative of v**4/4 - 3*v**3 - 5*v + 4. Let f be o(9). Give d(f).
1
Suppose 5 = 2*u + 5*y, 0*y - 4 = 2*u + 2*y. Let x be 2 - 0/(1 - -1). Let a(c) = x - 1 + c - 2. Determine a(u).
-6
Let d(o) = -4*o + 3*o + 4 + 3. Let r(m) = 5*m**3 - m**2 + 4*m - 2. Let t be r(1). Give d(t).
1
Let k(g) be the first derivative of 3*g + 3*g**2 + 4 + 0*g + 0*g - 5*g. Determine k(2).
10
Let m(n) be the second derivative of -n**3/2 - 2*n**2 + n + 8. What is m(-4)?
8
Let l = 2 + 0. Let c(y) = -3*y**3 + 2*y**l - 2 + y + 2*y**3 + 1. Suppose -d + 0*d + 17 = 3*g, -d + 4*g = 18. Calculate c(d).
1
Let w(s) = -s**2 - 3*s + 17. Let p be w(-6). Let t(n) be the first derivative of -3*n**2 + 6. What is t(p)?
6
Let b(f) = -f - 7*f - 2 + 2*f + 1. Let y(g) = -g - 2. Let p be y(-3). Calculate b(p).
-7
Let u(i) = -2*i + 9. Let p = 5 + 2